 base 6?
-1532
f420 (base 16) to base 12
30200
What is -648 (base 14) in base 6?
-5424
What is 1063 (base 8) in base 15?
278
What is 1240a (base 12) in base 15?
751d
-3497 (base 16) to base 8
-32227
What is 22211112 (base 3) in base 8?
14450
-442 (base 10) to base 14
-238
Convert -1b4b7 (base 12) to base 11.
-28441
Convert 41c (base 15) to base 8.
1637
3204 (base 11) to base 14
178b
-10112102 (base 3) to base 4
-220100
What is -1001020022 (base 3) in base 10?
-20582
-c5 (base 13) to base 6
-425
What is -1000101100 (base 2) in base 8?
-1054
3452 (base 11) to base 3
20012221
Convert -5496 (base 16) to base 2.
-101010010010110
What is -110010010100110 (base 2) in base 3?
-1022100022
Convert 12388 (base 9) to base 7.
33215
1836 (base 9) to base 5
21120
Convert 39b (base 14) to base 13.
43a
What is -13ccb (base 13) in base 7?
-213612
What is 5201 (base 6) in base 13?
6a9
1908 (base 10) to base 7
5364
Convert 33b8 (base 14) to base 10.
8982
-270 (base 13) to base 5
-3204
Convert -215a4 (base 12) to base 15.
-d0b4
-4041 (base 11) to base 6
-40505
4a6 (base 15) to base 16
420
Convert -11301213 (base 4) to base 9.
-35403
-343e (base 15) to base 16
-2b4c
-24 (base 7) to base 3
-200
-c8 (base 15) to base 14
-d6
13234 (base 12) to base 13
bc41
Convert 15314 (base 7) to base 12.
2582
430404 (base 5) to base 6
151011
What is -4330 (base 7) in base 16?
-604
Convert 3639 (base 16) to base 11.
a47a
31343 (base 6) to base 4
1002033
What is 43977 (base 10) in base 12?
21549
Convert -1667 (base 8) to base 13.
-582
-2716 (base 12) to base 11
-3405
What is 22010 (base 6) in base 8?
5726
What is -8a0 (base 14) in base 2?
-11010101100
What is 1355 (base 7) in base 16?
212
What is -11002 (base 4) in base 13?
-1ba
Convert 10500 (base 8) to base 11.
3355
What is -125 (base 9) in base 14?
-76
What is -343 (base 8) in base 7?
-443
-1120233 (base 5) to base 2
-100111001100100
7b2b (base 13) to base 3
212200211
What is -1111011010111001 (base 2) in base 10?
-63161
Convert -100110101 (base 2) to base 14.
-181
Convert -21346 (base 9) to base 7.
-56133
-2aa (base 14) to base 6
-2302
Convert 22021020 (base 3) to base 4.
1132023
1120523 (base 6) to base 8
157603
What is 91a (base 13) in base 2?
11000001000
110223 (base 5) to base 11
2957
Convert -3013333 (base 4) to base 15.
-3bd4
-592 (base 10) to base 12
-414
What is -231 (base 15) in base 11?
-411
Convert -12a9 (base 11) to base 2.
-11010011100
Convert -42645 (base 7) to base 11.
-7a82
What is -3186 (base 9) in base 6?
-14510
-2373 (base 16) to base 3
-110110010
Convert 5622 (base 8) to base 15.
d27
-1011001110 (base 2) to base 7
-2044
What is 2455 (base 8) in base 13?
7ac
-6135 (base 12) to base 14
-3bbb
Convert -448 (base 11) to base 12.
-388
What is -110100010111101 (base 2) in base 15?
-7e28
3969 (base 14) to base 13
4791
-110111101000 (base 2) to base 14
-1424
Convert 1153 (base 7) to base 15.
1da
-232 (base 13) to base 11
-315
What is -6232 (base 9) in base 3?
-20021002
What is 11010011010001 (base 2) in base 10?
13521
Convert -102336 (base 8) to base 3.
-1201122210
What is -10100000110001 (base 2) in base 11?
-7804
What is -666 (base 15) in base 3?
-1222120
-2a88 (base 14) to base 16
-1d90
-1ccc (base 13) to base 7
-15544
Convert 166 (base 15) to base 4.
11001
What is 82b (base 13) in base 14?
713
What is 27730 (base 8) in base 5?
342443
-13233 (base 4) to base 11
-410
-22130 (base 4) to base 10
-668
1122 (base 6) to base 4
10022
-2b91 (base 12) to base 7
-21004
-15a26 (base 14) to base 16
-d372
Convert 159a0 (base 12) to base 4.
13201020
What is -2535 (base 7) in base 11?
-7a0
Convert 30 (base 6) to base 16.
12
-17f (base 16) to base 2
-101111111
-20221202 (base 3) to base 11
-3899
What is -110000000010110 (base 2) in base 3?
-1020202001
What is a068 (base 14) in base 2?
110101110001100
What is -22112 (base 3) in base 14?
-126
What is -39a4 (base 14) in base 13?
-4800
110111110 (base 2) to base 13
284
31b1 (base 14) to base 4
2012013
What is -1450 (base 6) in base 12?
-286
5597 (base 14) to base 11
10165
What is 33112 (base 4) in base 13?
5a7
Convert 22042 (base 7) to base 8.
12616
5cd (base 16) to base 9
2030
133 (base 14) to base 10
241
-462 (base 10) to base 3
-122010
Convert 11010101111 (base 2) to base 13.
a18
-7268 (base 9) to base 4
-1103033
-61758 (base 9) to base 16
-9f0b
What is 2102020 (base 3) in base 7?
5064
22013 (base 4) to base 12
45b
-2885 (base 14) to base 6
-53113
What is -110010001101 (base 2) in base 8?
-6215
Convert -346 (base 13) to base 12.
-3b1
Convert -157 (base 11) to base 3.
-20210
What is 110110101 (base 2) in base 16?
1b5
-162 (base 14) to base 8
-432
Convert -34164 (base 10) to base 12.
-17930
Convert -1a61a (base 12) to base 16.
-97f6
Convert -22b6 (base 14) to base 16.
-1798
-41a (base 14) to base 16
-328
-223103 (base 7) to base 10
-39497
What is 62277 (base 8) in base 4?
12102333
1100111001 (base 2) to base 10
825
-1014103 (base 5) to base 10
-16778
Convert 1013041 (base 5) to base 9.
24745
Convert -18104 (base 9) to base 13.
-58ab
Convert 1002211 (base 3) to base 11.
672
29b3 (base 13) to base 6
44021
Convert 633 (base 9) to base 3.
201010
-4706 (base 9) to base 2
-110110100001
1264 (base 9) to base 2
1110110101
20212 (base 6) to base 14
d8c
What is -101425 (base 6) in base 12?
-4875
-17420 (base 9) to base 4
-2323212
What is -2701 (base 9) in base 8?
-3752
What is 6404 (base 7) in base 3?
10002122
What is -160 (base 12) in base 3?
-22000
What is -323540 (base 6) in base 11?
-19129
What is -20030 (base 7) in base 3?
-20121122
What is -aad (base 14) in base 10?
-2113
What is -1523 (base 8) in base 5?
-11401
Convert 54772 (base 10) to base 16.
d5f4
Convert 2123132 (base 4) to base 16.
26de
What is 154 (base 14) in base 9?
330
-24254 (base 6) to base 2
-110111101010
Convert 91a8 (base 15) to base 9.
46165
Convert -164 (base 9) to base 4.
-2023
Convert 1000211 (base 3) to base 14.
3b9
What is 45323 (base 6) in base 15?
1d5c
Convert 10020122 (base 3) to base 7.
6620
Convert -707 (base 12) to base 2.
-1111110111
Convert -d3a (base 16) to base 10.
-3386
Convert -127 (base 8) to base 6.
-223
-14c7 (base 14) to base 16
-e77
Convert -1331 (base 11) to base 9.
-2330
Convert 21512 (base 6) to base 16.
bb4
What is 112212 (base 3) in base 4?
12101
-11044 (base 6) to base 8
-3004
641 (base 7) to base 15
168
What is 12112120 (base 3) in base 6?
30410
What is -3b5 (base 14) in base 13?
-456
What is 82 (base 12) in base 5?
343
-5625 (base 13) to base 15
-3870
What is -3013333 (base 4) in base 14?
-4943
What is -a341 (base 15) in base 8?
-103266
What is -13400 (base 6) in base 3?
-2212100
Convert 3333 (base 6) to base 10.
777
What is -1020020 (base 3) in base 15?
-3ec
Convert 1442 (base 6) to base 7.
1061
What is 291 (base 10) in base 6?
1203
122002222 (base 3) to base 15
3a68
Convert -1221101 (base 3) to base 14.
-730
Convert 220212122 (base 3) to base 10.
18134
-2022110 (base 3) to base 4
-122112
Convert -c540 (base 13) to base 7.
-142323
222 (base 12) to base 4
10322
Convert -1560 (base 11) to base 7.
-5560
21221220 (base 3) to base 2
1011010101010
Convert -2101221 (base 3) to base 2.
-11011011001
-111110000101101 (base 2) to base 3
-1121121101
What is 14267 (base 9) in base 14?
376c
114341 (base 7) to base 11
1465a
Convert -1010110 (base 3) to base 9.
-1113
Convert -1002231 (base 4) to base 11.
-3231
474 (base 12) to base 5
10124
3232010 (base 4) to base 3
202220022
Convert -12080 (base 9) to base 5.
-224331
147 (base 15) to base 8
444
What is a76 (base 15) in base 3?
10020110
Convert 13a (base 14) to base 4.
3320
Convert -100110011111001 (base 2) to base 4.
-10303321
-204a (base 12) to base 6
-24134
Convert -70c (base 14) to base 9.
-1807
What is -1121120 (base 3) in base 7?
-3300
Convert -45a0 (base 15) to base 10.
-14775
What is -94 (base 12) in base 14?
-80
What is 16a6 (base 13) in base 7?
12521
What is -c54 (base 14) in base 16?
-97a
b50 (base 13) to base 16
784
1a5 (base 14) to base 9
418
Convert 43b4 (base 16) to base 2.
100001110110100
231 (base 4) to base 7
63
Convert 102112221 (base 3) to base 10.
8422
What is -8163 (base 11) in base 15?
-3328
Convert 5808 (base 11) to base 10.
7631
Convert -1126 (base 8) to base 9.
-734
Convert 1a92 (base 12) to base 14.
12a2
2211100211 (base 3) t